{"id":132,"date":"2016-01-01T10:09:39","date_gmt":"2016-01-01T10:09:39","guid":{"rendered":"http:\/\/estoyconthai.es\/blog\/?page_id=132"},"modified":"2018-03-21T12:05:08","modified_gmt":"2018-03-21T12:05:08","slug":"el-proyecto-estoy-con-thai","status":"publish","type":"page","link":"http:\/\/estoyconthai.es\/blog\/el-proyecto-estoy-con-thai\/","title":{"rendered":"EL PROYECTO ESTOY CON THAI. CON\u00d3CENOS"},"content":{"rendered":"<p>\u00abEstoy con Thai\u00bb es una acci\u00f3n que pretende desmitificar el concepto de peligrosidad y agresividad existente, a trav\u00e9s del conocimiento y el acercamiento.<\/p>\n<p>Utilizamos como v\u00eda principal la fotograf\u00eda: Comenzamos en enero de 2016 , fotografiando a todos los voluntarios , con Thai, nuestra cari\u00f1os\u00edsima American Staffordshire .<\/p>\n<p>Im\u00e1genes de Thai con adultos, ni\u00f1os, beb\u00e9s, embarazadas, otras razas de perros, otros animales, etc<\/p>\n<p>Im\u00e1genes cotidianas, armoniosas, lejos de las im\u00e1genes a que nos tiene acostumbrados la prensa sensacionalista siempre enfocadas a la agresividad.<\/p>\n<p>Mostramos la realidad de estas razas, su sociabilidad y perfecta integraci\u00f3n en familia, la imagen que la sociedad no conoce y debe saber.<\/p>\n<p>Inmortalizaremos esos momentos con Thai, que\u00a0 tambi\u00e9n son oportunidades de conocer mejor la realidad de su maravilloso car\u00e1cter,<\/p>\n<p>interactuar con ella mientras preparamos la fotograf\u00eda , unir a dos partes.<\/p>\n<p>El gran problema\u00a0 es el concepto social, la in-cultura actual , una parte de la sociedad\u00a0\u00a0 que mira a esos perros como \u201casesinos\u201d ,<\/p>\n<p>nada m\u00e1s lejos de la realidad.<\/p>\n<p>El proyecto\u00bbEstoy con Thai\u00bb lo realizamos a nivel nacional, contando con el apoyo de asociaciones y organizaciones afines.<\/p>\n<p>\u00abEstoy con Thai\u00bb es un compendio visual y escrito sobre estas razas mal catalogadas como PPP.<br \/>\nCada imagen aporta un testimonio, de su protagonista, de un experto en la materia, etc<br \/>\nEl proyecto se nutre de una informaci\u00f3n valios\u00edsima sobre este tema.<\/p>\n<p>PARTICIPACI\u00d3N<\/p>\n<p style=\"text-align: justify;\">El \u00e9xito de este proyecto depende de la implicaci\u00f3n y colaboraci\u00f3n de sus participantes.<\/p>\n<p style=\"text-align: justify;\">Contamos cada vez con m\u00e1s apoyo, demostrando que la problem\u00e1tica es de inter\u00e9s general,<\/p>\n<p style=\"text-align: justify;\">\u00a0pod\u00e9is contactar con nosotros y participar en la manera que pod\u00e1is.<\/p>\n<p style=\"text-align: justify;\">Somos miles de personas luchando para que se haga eco de nuestra petici\u00f3n.<\/p>\n<p style=\"text-align: justify;\">Es un esfuerzo muy grande por nuestra parte, dada la inversi\u00f3n de tiempo que requiere,<\/p>\n<p style=\"text-align: justify;\">es un proyecto sin \u00e1nimo de lucro, en el cual la palabra \u201cdinero\u201d no aparece por ning\u00fan lado,<\/p>\n<p style=\"text-align: justify;\">no aceptamos ayudas econ\u00f3micas, el dinero siempre desvirt\u00faa todo asi que lo hemos eliminado de la ecuaci\u00f3n.<\/p>\n<p style=\"text-align: justify;\">Os invitamos a seguir el proyecto y esperamos contar con vuestro f\u00e9rreo apoyo<\/p>\n<p>&nbsp;<\/p>\n<p><a href=\"http:\/\/estoyconthai.es\/blog\/wp-content\/uploads\/2016\/03\/VTM1328w.jpg\" data-lightbox=\"gal[132]\" rel=\"attachment wp-att-11\"><img loading=\"lazy\" decoding=\"async\" class=\"alignnone size-full wp-image-11\" src=\"http:\/\/estoyconthai.es\/blog\/wp-content\/uploads\/2016\/03\/VTM1328w.jpg\" alt=\"Estoy con Thai\" width=\"800\" height=\"534\" srcset=\"http:\/\/estoyconthai.es\/blog\/wp-content\/uploads\/2016\/03\/VTM1328w.jpg 800w, http:\/\/estoyconthai.es\/blog\/wp-content\/uploads\/2016\/03\/VTM1328w-300x200.jpg 300w, http:\/\/estoyconthai.es\/blog\/wp-content\/uploads\/2016\/03\/VTM1328w-768x513.jpg 768w\" sizes=\"(max-width: 800px) 100vw, 800px\" \/><\/a><\/p>\n","protected":false},"excerpt":{"rendered":"<p>\u00abEstoy con Thai\u00bb es una acci\u00f3n que pretende desmitificar el concepto de peligrosidad y agresividad existente, a trav\u00e9s del conocimiento y el acercamiento. Utilizamos como v\u00eda principal la fotograf\u00eda: Comenzamos en enero de 2016 , fotografiando a todos los voluntarios , con [&hellip;]<\/p>\n","protected":false},"author":1,"featured_media":0,"parent":0,"menu_order":1,"comment_status":"closed","ping_status":"closed","template":"","meta":{"_exactmetrics_skip_tracking":false,"_exactmetrics_sitenote_active":false,"_exactmetrics_sitenote_note":"","_exactmetrics_sitenote_category":0,"footnotes":""},"_links":{"self":[{"href":"http:\/\/estoyconthai.es\/blog\/wp-json\/wp\/v2\/pages\/132"}],"collection":[{"href":"http:\/\/estoyconthai.es\/blog\/wp-json\/wp\/v2\/pages"}],"about":[{"href":"http:\/\/estoyconthai.es\/blog\/wp-json\/wp\/v2\/types\/page"}],"author":[{"embeddable":true,"href":"http:\/\/estoyconthai.es\/blog\/wp-json\/wp\/v2\/users\/1"}],"replies":[{"embeddable":true,"href":"http:\/\/estoyconthai.es\/blog\/wp-json\/wp\/v2\/comments?post=132"}],"version-history":[{"count":15,"href":"http:\/\/estoyconthai.es\/blog\/wp-json\/wp\/v2\/pages\/132\/revisions"}],"predecessor-version":[{"id":2716,"href":"http:\/\/estoyconthai.es\/blog\/wp-json\/wp\/v2\/pages\/132\/revisions\/2716"}],"wp:attachment":[{"href":"http:\/\/estoyconthai.es\/blog\/wp-json\/wp\/v2\/media?parent=132"}],"curies":[{"name":"wp","href":"https:\/\/api.w.org\/{rel}","templated":true}]}}